). Suppose -5*z + f = -x, 3 = f - 0*f. Suppose -z*p = 2*p - 16. List the prime factors of p.
2
Let c = -18 - -21. Suppose -5*q - r + 48 = -95, c*q - 2*r = 91. List the prime factors of q.
29
Let p = 340 - 193. List the prime factors of p.
3, 7
Let j = 7 - 8. List the prime factors of (2 + j)*(-1 - -8).
7
Let s be (1 - 0)/(1/18). Let t = 11 - s. Let x(a) = -a**2 - 7*a + 2. What are the prime factors of x(t)?
2
Suppose -c + 4*c - 11 = 4*r, -r = -2*c + 4. Suppose y + 4*x + 0 = -1, 3*y - x - 10 = 0. Let z = y - c. List the prime factors of z.
2
Let t = 21 - 15. Suppose 0 = -d + 3*g + 38, d + 3*g = t*d - 178. What are the prime factors of d?
5, 7
Suppose 3*g - 753 = -t, 566 = 3*g - t - 193. What are the prime factors of g?
2, 3, 7
Let l = -90 + 126. List the prime factors of l.
2, 3
Let m = -9 + 9. Suppose m = 3*w - 5*a + 15, a = 0. Let c(i) = 2*i**2 + 7*i. List the prime factors of c(w).
3, 5
Suppose 2*g + 16 = 66. Suppose 0 = -5*c - g + 105. List the prime factors of c.
2
Let r = 23 - 1. Let g(h) = 2*h - 6. Let v be g(4). Suppose -v*k - 2 = -r. List the prime factors of k.
2, 5
Suppose -5 = -3*s + 1. Suppose -s*z + 2 = -2*d - 0*z, 2*d = z + 2. List the prime factors of d.
3
Suppose 0 = 5*l - 0*l - 80. Suppose 44 + l = 5*s. List the prime factors of s.
2, 3
Suppose 2*z - 3*x - 524 = 0, 525 = 5*z + x - 802. List the prime factors of z.
5, 53
Let n(y) = 2*y + 1 + 0*y + y**2 + 0*y + 0. What are the prime factors of n(-3)?
2
Let x = 0 - 2. Let h(s) = -7*s - 3. What are the prime factors of h(x)?
11
Suppose 0*d = -d + v + 27, 2*v = 4*d - 110. List the prime factors of d.
2, 7
Suppose -w - 1 = -4*d - 9, 3*w - d = 2. Suppose 2*o - 3*j = 3*o - 8, 3*j = w. List the prime factors of o.
2
Suppose 2*x - 7*x - 5*l + 55 = 0, -5*l - 35 = -4*x. What are the prime factors of x?
2, 5
Let s(f) = 1. Let b(q) = -7*q + 1. Let k(o) = b(o) - 2*s(o). List the prime factors of k(-2).
13
Let g(o) = o**3 + 5*o**2 + 7. Let q be g(-5). Let j(a) = -a**3 + 6*a**2 + 8*a - 3. List the prime factors of j(q).
2
Let h(w) = w**2 - 8*w - 11. Let v be h(10). Let x be -12*((-150)/v)/(-5). Let i = x - -59. List the prime factors of i.
19
Let i = -19 - -29. Let c(z) = 6*z - 11. Let v be c(i). Suppose -3*q + v = 5*w, 0*w = w - 2. What are the prime factors of q?
13
Suppose -4*r - 57 = -8*r - 3*z, 5*z = 2*r - 9. List the prime factors of r.
2, 3
Suppose -5 - 5 = -5*b. Suppose 0*y = -b*y. Suppose -2*r + y*r + 22 = 0. What are the prime factors of r?
11
Suppose 2*c = -0*c + 112. Let a = -5 + c. What are the prime factors of a?
3, 17
Let q(u) = u**2 + 4. Let x(h) = -1. Let r(j) = q(j) + 6*x(j). Let m be r(2). Suppose 0 = m*b + 5*v - 6, -3 = -b - 2*v - v. List the prime factors of b.
3
Let o(t) = -2*t**2 + 4*t - 2. Let h be o(2). Let s = h - -7. Suppose 4*a - 88 = -s*z, 27 = 2*z - 3*a + 1. What are the prime factors of z?
2
Suppose 4*t - 5*k - 65 = 0, 4*t + k = -2*k + 25. Let v be (4/t)/((-4)/20). List the prime factors of (1/v)/((-1)/16).
2
Suppose -902 = -8*y + 10. List the prime factors of y.
2, 3, 19
Let f(o) = -6*o + 3. Let i be f(2). What are the prime factors of 58/3*i/(-6)?
29
Suppose -2*l + 0 = -8. Let j(y) = 0*y + y - l*y - 8. What are the prime factors of j(-8)?
2
Suppose 0 = 2*t + 3*t - 10. Suppose -t*h - 20 + 8 = 0. Let d(b) = -b - 2. What are the prime factors of d(h)?
2
Suppose 3*y + 4*v - 5 = 6*v, -5*y + 3*v = -9. Let t = 9 + y. List the prime factors of t.
2, 3
Let y = -54 - -54. Let r = 3 + -9. What are the prime factors of r*(-3)/6 + y?
3
Let a(x) = x + 12. Let i be a(-7). Suppose 0*w - 2*h + 82 = 4*w, -i*w = -4*h - 83. Suppose -4*k - 12 = -3*q, -q + k = -3*q + w. List the prime factors of q.
2
Let j(b) = 13*b**2 + 1. Let h be j(1). What are the prime factors of (-40)/h*(-42)/12?
2, 5
Suppose 2*y - 4 = 100. Suppose 3*n - y = n. What are the prime factors of n?
2, 13
Let m(o) = o**2 + o + 10. Let g be 4/10 - 4/10. Let c be m(g). List the prime factors of -1*(1*c)/(-2).
5
Suppose 2*u - 172 = -3*y + 4*u, -2*y - u = -124. Suppose c = -3*c + y. List the prime factors of c.
3, 5
Let y(n) = -n + 8. Let u be y(-11). Let x = -31 + u. Let r = x + 23. What are the prime factors of r?
11
Let t be (20/(-8))/(1/(-2)). Suppose q = t*q + 2*m - 10, 0 = q + 2*m + 2. List the prime factors of q.
2
Suppose -2*u + 43 = 4*q + 15, -2*q = 6. Let m = -11 + u. What are the prime factors of m?
3
Let b(m) = 7*m**2. Let s be 4/6*(-6)/2. Let p be b(s). Suppose 5*d + 3 = p. List the prime factors of d.
5
Suppose -4*x + 9 = -199. List the prime factors of x.
2, 13
Let q(h) = 4*h**2 + h + 4. What are the prime factors of q(-5)?
3, 11
Let t(o) = o + 19. Let v be t(0). What are the prime factors of (1 - v)*-1 - 1?
17
Let g(z) = -z**3 + 8*z**2 - 3*z + 1. Let q be g(7). Let k = q - 16. List the prime factors of k.
13
Suppose 5*v - 9 = 8*v. Let d = v + 4. Let a = d - -3. List the prime factors of a.
2
Suppose 2*n - 170 = 4*t, -5*n - 3*t + 674 = 223. List the prime factors of n.
89
Let u(g) be the second derivative of g**4/12 + g**3/6 + g**2 + g. List the prime factors of u(0).
2
Suppose 0 = 4*b - 5*b - 10. Let x(q) = -4*q - 11. List the prime factors of x(b).
29
Suppose a - 5*a = -8. Suppose -a*j - 6 = -0. Let o = 2 - j. List the prime factors of o.
5
Let z be (-15)/(-1) - (3 - 1). Suppose -3*n - z = 20. Let k = n + 15. List the prime factors of k.
2
Suppose -82 = -4*r + 214. What are the prime factors of r?
2, 37
List the prime factors of ((-9)/6 - -2)*194.
97
Let h(b) = -3*b - 26. Let n(r) = -r - 9. Let i(p) = -4*h(p) + 11*n(p). What are the prime factors of i(8)?
13
List the prime factors of ((2 + 0)/(-1))/((-18)/981).
109
Let x be 3*(-2)/6*-2. Suppose -x*i = -5*i + 36. What are the prime factors of i?
2, 3
Let b(n) = 7 + 3*n - 3*n + n. Let f be 3 - 3/(6/16). List the prime factors of b(f).
2
Let v be (-2 - 18) + 0 + 1. Let l = v - -67. List the prime factors of l.
2, 3
Suppose v - 4*v = -228. Suppose -5*s = 4*h - v, h + 12 = 3*h - 4*s. What are the prime factors of h?
2, 7
Let h be 132/21 + 6/(-21). Suppose v + h = 2*t - v, -t = 3*v - 15. What are the prime factors of t?
2, 3
Let i = 15 + -22. Let v = -2 - i. List the prime factors of v.
5
Let f = 6 - 2. Suppose 0*q = -f*q. Suppose v - 4*o = -q*v + 1, 3*v = -o + 42. What are the prime factors of v?
13
Suppose 0 = -10*h + 107 + 163. List the prime factors of h.
3
Let u be (-3 - (-42)/9)*3. Suppose u*s - 55 = -4*y, s - 3*s + 16 = y. What are the prime factors of y?
2, 5
Let m(u) = u**2 - 4*u - 2. Let s be m(4). Let i be (-189)/(-36) - s/(-8). Suppose -4*w - 3 = -q, q + i*w = 4*w + 3. What are the prime factors of q?
3
Let i = 3 - 0. Let u be 48/5 - i/5. Suppose -4*t + u = -3. List the prime factors of t.
3
Suppose i + 701 = -0*o + 3*o, -o + 2*i = -227. What are the prime factors of o?
5, 47
Let k(r) be the first derivative of 1 - 2*r - 1/2*r**2. What are the prime factors of k(-4)?
2
Suppose 0 = m - 16 - 33. What are the prime factors of m?
7
Suppose -4*z = -16 - 0. Let y(p) = -p**2 + 7*p - 2. List the prime factors of y(z).
2, 5
Let t be (-156)/(-11) + (-4)/22. Let x be (8/t)/((-10)/(-35)). Suppose k + v = 3*k - 3, -3*v = -x*k + 1. List the prime factors of k.
2
Suppose -5*g + 2*t - 3 = 0, 3*g = 7*g + 2*t + 6. Suppose -2*x = 3*x - 15. Let q = g + x. List the prime factors of q.
2
Let m = -130 + 299. What are the prime factors of m?
13
Let j be (-6)/(-9)*15/2. Let o(l) = -3*l - 3*l - 2 + 3*l**2 - l**2. What are the prime factors of o(j)?
2, 3
Let l(q) = 12*q**2 - 7*q + 3. Let j(t) = 6*t**2 - 3*t + 1. Let b(u) = 5*j(u) - 2*l(u). What are the prime factors of b(-1)?
2, 3
Let x = -1 - -3. Let n = 4 - x. What are the prime factors of 7/n*(-1 + 3)?
7
Let b(i) = -i**3 + 7*i**2 - 3. Suppose -2*l + 5*y = -14, 0*l - l + 7 = -5*y. Let q be b(l). Let j = 14 + q. List the prime factors of j.
11
Let b(f) = -f**3 - f**2 - 2. Let q be b(-2). Suppose -5*z + 3 = -r - 34, q*z - 28 = -4*r. What are the prime factors of z?
2
Let k(h) = -4 - 1 + 3 + 2*h. Let x be k(3). Suppose -3*o = 5*a - 5, 4*o = x*a - 7*a + 25. List the prime factors of o.
2, 5
What are the prime factors of (-8)/6*(774/(-12) - 6)?
2, 47
Let w(y) = -7*y + 2. Let u = 1 - 3. List the prime factors of w(u).
2
Suppose 5*b + 0 - 55 = 0. What are the prime factors of b?
11
Let a(r) be the second derivative of r**3/